{"id":158,"date":"2025-11-12T18:38:31","date_gmt":"2025-11-12T18:38:31","guid":{"rendered":"https:\/\/surdurulebilirturizmrehberi.com\/?page_id=158"},"modified":"2025-11-12T18:38:31","modified_gmt":"2025-11-12T18:38:31","slug":"cevresel-etki-degerlendirmesi-ced","status":"publish","type":"page","link":"https:\/\/surdurulebilirturizmrehberi.com\/?page_id=158","title":{"rendered":"\u00c7EVRESEL ETK\u0130 DE\u011eERLEND\u0130RMES\u0130 (\u00c7ED)"},"content":{"rendered":"\n<p>\u00c7evresel Etki De\u011ferlendirmesi<\/p>\n\n\n\n<p>\u00c7evresel Etki De\u011ferlendirme, yat\u0131r\u0131m karar\u0131 al\u0131nmadan \u00f6nce projenin \u00e7evresel etkilerinin dikkate al\u0131nmas\u0131n\u0131 sa\u011flayan \u00e7al\u0131\u015fmalar b\u00fct\u00fcn\u00fcd\u00fcr. \u00c7evre \u00fczerinde olmas\u0131 muhtemel etkileri planlar\u0131n, programlar\u0131n ve projelerin onaylanmadan \u00f6nce \u00e7evresel de\u011ferlendirmeye tabi tutulmas\u0131n\u0131 sa\u011flar. Bu nedenle, \u00c7evresel De\u011ferlendirme Direktifleri, s\u00fcrd\u00fcr\u00fclebilir kalk\u0131nma i\u00e7in \u00f6nemli ara\u00e7lard\u0131r.<\/p>\n\n\n\n<p>\u00c7ED Kapsam D\u0131\u015f\u0131 Yaz\u0131s\u0131<\/p>\n\n\n\n<p>\u00c7ED y\u00f6netmeli\u011fi Ek-I ve Ek- II listelerinde yer almayan, Ek II listesinde yer almas\u0131na ra\u011fmen e\u015fik de\u011ferden dolay\u0131 kapsamda yer almad\u0131\u011f\u0131na kanaat getirilen projelere verilen ve projenin&nbsp;\u00c7ED&nbsp;y\u00f6n\u00fcnden de\u011ferlendirildi\u011fini g\u00f6steren resmi yaz\u0131d\u0131r.<\/p>\n\n\n\n<figure class=\"wp-block-image size-full\"><img loading=\"lazy\" decoding=\"async\" width=\"980\" height=\"468\" src=\"http:\/\/surdurulebilirturizmrehberi.com\/wp-content\/uploads\/2025\/11\/WhatsApp-Image-2025-11-12-at-21.35.41.jpeg\" alt=\"\" class=\"wp-image-159\" srcset=\"https:\/\/surdurulebilirturizmrehberi.com\/wp-content\/uploads\/2025\/11\/WhatsApp-Image-2025-11-12-at-21.35.41.jpeg 980w, https:\/\/surdurulebilirturizmrehberi.com\/wp-content\/uploads\/2025\/11\/WhatsApp-Image-2025-11-12-at-21.35.41-300x143.jpeg 300w, https:\/\/surdurulebilirturizmrehberi.com\/wp-content\/uploads\/2025\/11\/WhatsApp-Image-2025-11-12-at-21.35.41-768x367.jpeg 768w\" sizes=\"(max-width: 980px) 100vw, 980px\" \/><\/figure>\n","protected":false},"excerpt":{"rendered":"<p>\u00c7evresel Etki De\u011ferlendirmesi \u00c7evresel Etki De\u011ferlendirme, yat\u0131r\u0131m karar\u0131 al\u0131nmadan \u00f6nce projenin \u00e7evresel etkilerinin dikkate al\u0131nmas\u0131n\u0131 sa\u011flayan \u00e7al\u0131\u015fmalar b\u00fct\u00fcn\u00fcd\u00fcr. \u00c7evre \u00fczerinde olmas\u0131 muhtemel etkileri planlar\u0131n, programlar\u0131n ve projelerin onaylanmadan \u00f6nce \u00e7evresel de\u011ferlendirmeye tabi tutulmas\u0131n\u0131 sa\u011flar. Bu nedenle, \u00c7evresel De\u011ferlendirme Direktifleri, s\u00fcrd\u00fcr\u00fclebilir kalk\u0131nma i\u00e7in \u00f6nemli ara\u00e7lard\u0131r. \u00c7ED Kapsam D\u0131\u015f\u0131 Yaz\u0131s\u0131 \u00c7ED y\u00f6netmeli\u011fi Ek-I ve Ek- II listelerinde<span class=\"post-excerpt-end\">&hellip;<\/span><\/p>\n<p class=\"more-link\"><a href=\"https:\/\/surdurulebilirturizmrehberi.com\/?page_id=158\" class=\"themebutton\">Read More<\/a><\/p>\n","protected":false},"author":1,"featured_media":0,"parent":0,"menu_order":0,"comment_status":"closed","ping_status":"closed","template":"","meta":{"footnotes":""},"_links":{"self":[{"href":"https:\/\/surdurulebilirturizmrehberi.com\/index.php?rest_route=\/wp\/v2\/pages\/158"}],"collection":[{"href":"https:\/\/surdurulebilirturizmrehberi.com\/index.php?rest_route=\/wp\/v2\/pages"}],"about":[{"href":"https:\/\/surdurulebilirturizmrehberi.com\/index.php?rest_route=\/wp\/v2\/types\/page"}],"author":[{"embeddable":true,"href":"https:\/\/surdurulebilirturizmrehberi.com\/index.php?rest_route=\/wp\/v2\/users\/1"}],"replies":[{"embeddable":true,"href":"https:\/\/surdurulebilirturizmrehberi.com\/index.php?rest_route=%2Fwp%2Fv2%2Fcomments&post=158"}],"version-history":[{"count":1,"href":"https:\/\/surdurulebilirturizmrehberi.com\/index.php?rest_route=\/wp\/v2\/pages\/158\/revisions"}],"predecessor-version":[{"id":160,"href":"https:\/\/surdurulebilirturizmrehberi.com\/index.php?rest_route=\/wp\/v2\/pages\/158\/revisions\/160"}],"wp:attachment":[{"href":"https:\/\/surdurulebilirturizmrehberi.com\/index.php?rest_route=%2Fwp%2Fv2%2Fmedia&parent=158"}],"curies":[{"name":"wp","href":"https:\/\/api.w.org\/{rel}","templated":true}]}}