{"id":199,"date":"2025-11-13T16:03:54","date_gmt":"2025-11-13T16:03:54","guid":{"rendered":"https:\/\/surdurulebilirturizmrehberi.com\/?page_id=199"},"modified":"2025-11-13T16:03:54","modified_gmt":"2025-11-13T16:03:54","slug":"surdurulebilirlik-egitimi","status":"publish","type":"page","link":"https:\/\/surdurulebilirturizmrehberi.com\/?page_id=199","title":{"rendered":"S\u00fcrd\u00fcr\u00fclebilirlik E\u011fitimi"},"content":{"rendered":"\n<p>S\u00fcrd\u00fcr\u00fclebilirlik e\u011fitimi, insanlar\u0131 s\u00fcrd\u00fcr\u00fclebilir bir \u015fekilde, do\u011faya ve insana sayg\u0131l\u0131 bir \u015fekilde ya\u015famaya te\u015fvik eden kapsaml\u0131 bir e\u011fitim t\u00fcr\u00fcd\u00fcr. Bu e\u011fitim, do\u011fal kaynaklar\u0131n s\u0131n\u0131rl\u0131 oldu\u011funu ve at\u0131k olu\u015fumunun \u00e7evreye zararl\u0131 etkileri oldu\u011funu daha iyi anlamalar\u0131n\u0131 sa\u011flar. Ayr\u0131ca, \u00e7evreye duyarl\u0131 bir \u015fekilde davranman\u0131n \u00f6nemini kavramalar\u0131 ve bu bilinci g\u00fcnl\u00fck ya\u015famlar\u0131na yans\u0131tmaya ba\u015flamalar\u0131 i\u00e7in bir f\u0131rsat sunar.<br><br>S\u00fcrd\u00fcr\u00fclebilirlik e\u011fitimi sadece \u00e7evresel konularla s\u0131n\u0131rl\u0131 de\u011fildir. Ekonomik, sosyal ve ekolojik s\u00fcrd\u00fcr\u00fclebilirlik konular\u0131 da bu e\u011fitimde ele al\u0131n\u0131r. \u0130nsanlar\u0131n ekonomik faaliyetlerini \u00e7evreye zarar vermeden s\u00fcrd\u00fcr\u00fclebilir bir \u015fekilde yapabilmeleri i\u00e7in bilin\u00e7lenmeleri hedeflenir. Ayn\u0131 zamanda, toplumsal adalet ve sosyal dengeyi sa\u011flayacak ad\u0131mlar\u0131n at\u0131lmas\u0131 gerekti\u011fi vurgulan\u0131r. B\u00f6ylece, s\u00fcrd\u00fcr\u00fclebilirlik e\u011fitimi insanlar\u0131 b\u00fct\u00fcnc\u00fcl bir yakla\u015f\u0131m benimsemeye y\u00f6nlendirir ve ya\u015fad\u0131klar\u0131 topluma daha fazla katk\u0131 sa\u011flar.<br><br>S\u00fcrd\u00fcr\u00fclebilirlik e\u011fitimi, gelecek nesillerin sa\u011fl\u0131kl\u0131 ve dengeli bir d\u00fcnyada ya\u015famalar\u0131n\u0131 sa\u011flamak i\u00e7in b\u00fcy\u00fck \u00f6neme sahiptir. \u0130nsanlar\u0131n do\u011fal kaynaklar\u0131 koruma, enerji verimlili\u011fi, geri d\u00f6n\u00fc\u015f\u00fcm gibi konular\u0131 \u00f6\u011frenerek g\u00fcnl\u00fck hayatlar\u0131nda uygulamaya ge\u00e7irmeleri, s\u00fcrd\u00fcr\u00fclebilir bir gelecek i\u00e7in at\u0131lan \u00f6nemli ad\u0131mlard\u0131r. S\u00fcrd\u00fcr\u00fclebilirlik e\u011fitimi ile bireyler, \u00e7evresel ve sosyal sorumluluklar\u0131n\u0131n fark\u0131nda olarak daha bilin\u00e7li ve duyarl\u0131 bir \u015fekilde hareket etme becerisi kazan\u0131rken, ayn\u0131 zamanda toplumda daha geni\u015f bir etki yaratma potansiyeline sahip olurlar.<br><br>S\u00fcrd\u00fcr\u00fclebilirlik e\u011fitimi, bireylerin g\u00fcnl\u00fck hayatlar\u0131nda s\u00fcrd\u00fcr\u00fclebilirli\u011fi \u00f6n planda tutmalar\u0131n\u0131 sa\u011flayarak, sadece kendi ya\u015famlar\u0131n\u0131 de\u011fil, ayn\u0131 zamanda gelecek nesillerin ya\u015fam kalitesini de iyile\u015ftirmeye yard\u0131mc\u0131 olur. Her bir bireyin s\u00fcrd\u00fcr\u00fclebilirlik konusunda bilin\u00e7li ve aktif olmas\u0131, k\u00fcresel d\u00fczeyde s\u00fcrd\u00fcr\u00fclebilir bir gelecek i\u00e7in b\u00fcy\u00fck bir ad\u0131md\u0131r. Bu sebeple, s\u00fcrd\u00fcr\u00fclebilirlik e\u011fitimi herkesin kat\u0131l\u0131m\u0131n\u0131 te\u015fvik etmeli ve yayg\u0131nla\u015ft\u0131r\u0131lmal\u0131d\u0131r.<\/p>\n","protected":false},"excerpt":{"rendered":"<p>S\u00fcrd\u00fcr\u00fclebilirlik e\u011fitimi, insanlar\u0131 s\u00fcrd\u00fcr\u00fclebilir bir \u015fekilde, do\u011faya ve insana sayg\u0131l\u0131 bir \u015fekilde ya\u015famaya te\u015fvik eden kapsaml\u0131 bir e\u011fitim t\u00fcr\u00fcd\u00fcr. Bu e\u011fitim, do\u011fal kaynaklar\u0131n s\u0131n\u0131rl\u0131 oldu\u011funu ve at\u0131k olu\u015fumunun \u00e7evreye zararl\u0131 etkileri oldu\u011funu daha iyi anlamalar\u0131n\u0131 sa\u011flar. Ayr\u0131ca, \u00e7evreye duyarl\u0131 bir \u015fekilde davranman\u0131n \u00f6nemini kavramalar\u0131 ve bu bilinci g\u00fcnl\u00fck ya\u015famlar\u0131na yans\u0131tmaya ba\u015flamalar\u0131 i\u00e7in bir f\u0131rsat sunar.<span class=\"post-excerpt-end\">&hellip;<\/span><\/p>\n<p class=\"more-link\"><a href=\"https:\/\/surdurulebilirturizmrehberi.com\/?page_id=199\" class=\"themebutton\">Read More<\/a><\/p>\n","protected":false},"author":1,"featured_media":0,"parent":0,"menu_order":0,"comment_status":"closed","ping_status":"closed","template":"","meta":{"footnotes":""},"_links":{"self":[{"href":"https:\/\/surdurulebilirturizmrehberi.com\/index.php?rest_route=\/wp\/v2\/pages\/199"}],"collection":[{"href":"https:\/\/surdurulebilirturizmrehberi.com\/index.php?rest_route=\/wp\/v2\/pages"}],"about":[{"href":"https:\/\/surdurulebilirturizmrehberi.com\/index.php?rest_route=\/wp\/v2\/types\/page"}],"author":[{"embeddable":true,"href":"https:\/\/surdurulebilirturizmrehberi.com\/index.php?rest_route=\/wp\/v2\/users\/1"}],"replies":[{"embeddable":true,"href":"https:\/\/surdurulebilirturizmrehberi.com\/index.php?rest_route=%2Fwp%2Fv2%2Fcomments&post=199"}],"version-history":[{"count":1,"href":"https:\/\/surdurulebilirturizmrehberi.com\/index.php?rest_route=\/wp\/v2\/pages\/199\/revisions"}],"predecessor-version":[{"id":200,"href":"https:\/\/surdurulebilirturizmrehberi.com\/index.php?rest_route=\/wp\/v2\/pages\/199\/revisions\/200"}],"wp:attachment":[{"href":"https:\/\/surdurulebilirturizmrehberi.com\/index.php?rest_route=%2Fwp%2Fv2%2Fmedia&parent=199"}],"curies":[{"name":"wp","href":"https:\/\/api.w.org\/{rel}","templated":true}]}}