{"id":32,"date":"2025-09-29T18:05:01","date_gmt":"2025-09-29T18:05:01","guid":{"rendered":"https:\/\/surdurulebilirturizmrehberi.com\/?page_id=32"},"modified":"2025-12-01T14:13:08","modified_gmt":"2025-12-01T14:13:08","slug":"hizmetlerimiz","status":"publish","type":"page","link":"https:\/\/surdurulebilirturizmrehberi.com\/?page_id=32","title":{"rendered":"Hizmetlerimiz"},"content":{"rendered":"\n<ul>\n<li><strong><a href=\"https:\/\/surdurulebilirturizmrehberi.com\/?page_id=112\" data-type=\"link\" data-id=\"https:\/\/surdurulebilirturizmrehberi.com\/?page_id=112\">S\u00fcrd\u00fcr\u00fclebilir Turizm Dan\u0131\u015fmanl\u0131\u011f\u0131<\/a><\/strong><\/li>\n\n\n\n<li><strong>Kurumsal S\u00fcrd\u00fcr\u00fclebilirlik<\/strong><\/li>\n\n\n\n<li><strong><a href=\"https:\/\/surdurulebilirturizmrehberi.com\/?page_id=192\" data-type=\"link\" data-id=\"https:\/\/surdurulebilirturizmrehberi.com\/?page_id=192\">Enerji Kimlik Belgesi<\/a><\/strong><\/li>\n\n\n\n<li><strong>50001 Belgesi<\/strong><\/li>\n\n\n\n<li><strong>Karbon Ayak \u0130zi Hesaplamalar\u0131 ve Raporlamas\u0131 (Kapsam 1 \u2013 Kapsam 2 \u2013 Kapsam 3)<\/strong><\/li>\n\n\n\n<li><strong><a href=\"https:\/\/surdurulebilirturizmrehberi.com\/?page_id=166\">Su Ayak \u0130zi Hesaplama ve Raporlamas\u0131<\/a><\/strong><\/li>\n\n\n\n<li><strong><a href=\"https:\/\/surdurulebilirturizmrehberi.com\/?page_id=30\">S\u0131f\u0131r At\u0131k Belge ve Dan\u0131\u015fmanl\u0131\u011f\u0131<\/a><\/strong><\/li>\n\n\n\n<li><strong><a href=\"https:\/\/surdurulebilirturizmrehberi.com\/?page_id=154\">\u00c7evre Dan\u0131\u015fmanl\u0131\u011f\u0131<\/a><\/strong><\/li>\n\n\n\n<li><strong><a href=\"https:\/\/surdurulebilirturizmrehberi.com\/?page_id=158\">\u00c7ed Raporu<\/a><\/strong><\/li>\n\n\n\n<li><strong><a href=\"https:\/\/surdurulebilirturizmrehberi.com\/?page_id=154\">\u00c7evre \u0130zin Dan\u0131\u015fmanl\u0131k<\/a><\/strong><\/li>\n\n\n\n<li><strong><a href=\"https:\/\/surdurulebilirturizmrehberi.com\/?page_id=154\">\u00c7ed Gerekli De\u011fildir<\/a><\/strong><\/li>\n\n\n\n<li><strong><a href=\"https:\/\/surdurulebilirturizmrehberi.com\/?page_id=154\">\u00c7evre \u0130zin Muafiyeti<\/a><\/strong><\/li>\n\n\n\n<li><strong><a href=\"https:\/\/surdurulebilirturizmrehberi.com\/?page_id=171\">At\u0131k Y\u00f6netim Sistemi<\/a><\/strong><\/li>\n\n\n\n<li><strong>At\u0131k Y\u00f6netim Planlama<\/strong><\/li>\n\n\n\n<li><strong><a href=\"https:\/\/surdurulebilirturizmrehberi.com\/?page_id=30\">S\u0131f\u0131r At\u0131k Belgesi<\/a><\/strong><\/li>\n\n\n\n<li><strong><a href=\"https:\/\/surdurulebilirturizmrehberi.com\/?page_id=199\">S\u00fcrd\u00fcr\u00fclebilirlik E\u011fitimleri<\/a><\/strong><\/li>\n\n\n\n<li><strong><a href=\"https:\/\/surdurulebilirturizmrehberi.com\/?page_id=195\">S\u00fcrd\u00fcr\u00fclebilirlik Raporlamas\u0131<\/a><\/strong><\/li>\n\n\n\n<li><strong>Yenilenebilir Enerji<\/strong><\/li>\n<\/ul>\n\n\n\n<p><\/p>\n","protected":false},"excerpt":{"rendered":"","protected":false},"author":1,"featured_media":0,"parent":0,"menu_order":0,"comment_status":"closed","ping_status":"closed","template":"","meta":{"footnotes":""},"_links":{"self":[{"href":"https:\/\/surdurulebilirturizmrehberi.com\/index.php?rest_route=\/wp\/v2\/pages\/32"}],"collection":[{"href":"https:\/\/surdurulebilirturizmrehberi.com\/index.php?rest_route=\/wp\/v2\/pages"}],"about":[{"href":"https:\/\/surdurulebilirturizmrehberi.com\/index.php?rest_route=\/wp\/v2\/types\/page"}],"author":[{"embeddable":true,"href":"https:\/\/surdurulebilirturizmrehberi.com\/index.php?rest_route=\/wp\/v2\/users\/1"}],"replies":[{"embeddable":true,"href":"https:\/\/surdurulebilirturizmrehberi.com\/index.php?rest_route=%2Fwp%2Fv2%2Fcomments&post=32"}],"version-history":[{"count":6,"href":"https:\/\/surdurulebilirturizmrehberi.com\/index.php?rest_route=\/wp\/v2\/pages\/32\/revisions"}],"predecessor-version":[{"id":259,"href":"https:\/\/surdurulebilirturizmrehberi.com\/index.php?rest_route=\/wp\/v2\/pages\/32\/revisions\/259"}],"wp:attachment":[{"href":"https:\/\/surdurulebilirturizmrehberi.com\/index.php?rest_route=%2Fwp%2Fv2%2Fmedia&parent=32"}],"curies":[{"name":"wp","href":"https:\/\/api.w.org\/{rel}","templated":true}]}}